p be 0 + (1 - (1 + -2)). Let g(u) = 7*u**2 - 2*u. Calculate the remainder when 18/4*-2*(-20)/(-20)*-5 is divided by g(p).
21
Let m = -833 + 1442. What is the remainder when m is divided by 61?
60
Let o(p) = -4*p + 2*p - 21 + 18 + p. What is the remainder when 5 is divided by o(-5)?
1
Let n = 480 + -313. Calculate the remainder when n is divided by 42.
41
Let b = 182 - 39. Calculate the remainder when b is divided by 73.
70
Suppose 0 = 2*t - 11 + 5. Let a = -13 - -18. Suppose 7 = x + a. Calculate the remainder when t is divided by x.
1
Suppose 4*x + 11*j - 10*j = 553, 5*x = -5*j + 680. What is the remainder when x is divided by 30?
19
Let h(n) = -2 + 0 - 6*n - 3. Let g(c) = -c**3 + 3*c**2 - 2*c + 2. Calculate the remainder when g(-4) is divided by h(-5).
22
Suppose 0 = -5*z + 2*s - 28 + 133, 2*z + s = 42. Let l = 12 - 10. Suppose 2*d + 2 = -0, -l*d = -5*h + 32. What is the remainder when z is divided by h?
3
What is the remainder when (2/(-5)*242)/(18/(-45)) is divided by 27?
26
Suppose -2*k = -274 + 178. What is the remainder when k is divided by 9?
3
Let t be -1 - -3 - -2 - -4. Suppose -36 = t*v - 12*v. What is the remainder when 4 + v/(-2)*-10 is divided by 17?
15
Let c(q) = q**3 - 10*q**2 - 12*q + 11. Let r be c(11). Suppose -3*f = s, -2*s + r*s + 22 = -5*f. Calculate the remainder when 10 is divided by s.
4
Suppose -30*x = -180 - 240. What is the remainder when 108 is divided by x?
10
Suppose -2*c + 46 = -5*b, -10*b + 6*b + 36 = c. What is the remainder when 81 is divided by c?
25
What is the remainder when 82 is divided by 3 - 34*(6 + (-26)/4)?
2
Suppose -1014 = u - 1090. Calculate the remainder when u is divided by 3/(-9) - 183/(-9).
16
Let b(x) = -x**2 - 6*x - 5. Let g be b(-5). Suppose 2*q - 20 - 2 = g. Calculate the remainder when 37 is divided by q.
4
Suppose 2*s + 5 = -3*s. Let w be (-2 + 4 + -1)*s. Calculate the remainder when 80 is divided by w/(-3) - (-240)/9.
26
Suppose 0 = 4*o + 20, 69 + 26 = k - o. What is the remainder when k is divided by 34?
22
Let c(q) = q**2 + 17*q + 74. What is the remainder when (-70)/(-21)*(2 + 4) is divided by c(-9)?
0
Let c(u) = -2*u**2 - 27*u - 5. Let p be c(-13). Suppose 6*d - x = p*d - 98, -2*x + 98 = 2*d. Calculate the remainder when d is divided by 17.
15
Suppose 15*s + 120 = 17*s. What is the remainder when -18 - -20 - (2 - 119 - -2) is divided by s?
57
Let l(s) = 26*s - 5. Let b be l(1). What is the remainder when (3 - 0) + b + -2 is divided by 8?
6
Suppose 0 = 4*p + o - 4*o - 514, 0 = -5*o + 10. What is the remainder when p is divided by 46?
38
Let y(k) = -k**2 + 8*k + 16. Let d be y(7). Let i = d - 11. Let v(o) = 4*o - 4. What is the remainder when v(i) is divided by 23?
21
Calculate the remainder when 40/240 - (-1)/6*1535 is divided by 65.
61
Suppose -330 = -5*a + 4*d, 2*a - 166 = -3*d - 57. Let t(r) = r**2 - 7*r + 9. Let u be t(-9). Let z = u - a. What is the remainder when z is divided by 23?
22
Suppose 0 = v - 4*w - 45, 15*v - 2*w = 13*v + 108. What is the remainder when 576 is divided by v?
6
Suppose 2*k + 511*m - 58 = 509*m, 87 = 3*k + m. Calculate the remainder when 605 is divided by k.
25
Calculate the remainder when 27 is divided by (-12)/22 + (-5516)/(-2167).
1
Let i = 96 + -95. Calculate the remainder when (-60)/2*(-90)/25*i is divided by 22.
20
Let c be (-2)/8 + (-385)/(-20) + -1. Let a = -10 + 26. Let q = c + a. Calculate the remainder when q is divided by 18.
16
Let u(g) = g + 5. Let x be u(-7). Let h(s) = -3*s**3 - 2*s**2 - 4. Calculate the remainder when h(x) is divided by 5.
2
Suppose 4*s + 4 = 6*s. Suppose 6 = -s*d + 14. Suppose d*r + r - 35 = 0. Calculate the remainder when 19 is divided by r.
5
Let z(f) = -3*f + 1. Suppose -5*i + 1 = 11. Let p(c) = c**2 - 18*c + 37. Calculate the remainder when p(17) is divided by z(i).
6
Let i = 51 - 46. Suppose -i*q + 4*w + 61 = -0*w, -8 = 2*w. What is the remainder when 33 is divided by q?
6
Let b = -49 + 22. Let s(q) = 3*q**3 - q**2 + q + 1. Let f be s(3). What is the remainder when 6/b - f/(-18) is divided by 3?
1
Suppose d - 3*u + 2 = 35, 2*d - 2*u - 54 = 0. Let s be d*2/3 + 1. Let j = -5 + s. Calculate the remainder when 34 is divided by j.
10
Let z = 89 - 93. Calculate the remainder when 33 is divided by -4 + z + (29 - 2).
14
Suppose h - 3*x = 21, -9 = -3*h + 5*x + 34. Suppose l + 3 = 5. Calculate the remainder when h is divided by 4 + (-3)/1 + l.
0
Let u = -99 - -105. Suppose 0 = -x - q + 58, 282 = 5*x - 9*q + u*q. What is the remainder when 113 is divided by x?
56
Suppose -9*j + 2*v = -5*j - 390, -291 = -3*j + 2*v. Calculate the remainder when j is divided by 26.
21
Let u be ((-29)/3)/((-8)/(-624)). What is the remainder when (-21)/(-35) + u/(-10) is divided by 20?
16
Let l = 85 - 191. Let y = -80 - l. What is the remainder when 48 is divided by y?
22
Suppose 3*s = -2*s + 190. Let o = -33 + s. Calculate the remainder when o is divided by 1.
0
Suppose 2*h - 51 = -4*p + 33, 3*h + 21 = p. Let q(t) = 2*t + 3. Let j be q(5). Let m = p - j. Calculate the remainder when 39 is divided by m.
7
Let z(n) be the third derivative of -n**4/8 - 6*n**3 - 15*n**2. What is the remainder when 18 is divided by z(-13)?
0
Suppose 5*k = 4*d + 88 - 375, -4*k - 148 = -2*d. What is the remainder when d is divided by 12?
8
Let f(q) be the third derivative of 1/60*q**5 + 3/8*q**4 + 17/6*q**3 + 4*q**2 + 0*q + 0. What is the remainder when f(-12) is divided by 14?
11
Let m be (-6)/(((-42)/(-8))/7). Let k = 17 - m. What is the remainder when k is divided by 7?
4
Suppose 0 = -h + 123 + 60. Suppose 9*j = 20*j - 44. Suppose k = j*k - h. What is the remainder when k is divided by 21?
19
Let f(p) = 12*p - 33. Let k(t) = t. Let c(l) = f(l) - 4*k(l). What is the remainder when c(10) is divided by 16?
15
Suppose -2*r + 24 = -10. Let a = r - 10. Suppose 5*c - w = 64, -10*c + 5*w = -14*c + 28. Calculate the remainder when c is divided by a.
5
Let f = 2011 + -1917. What is the remainder when f is divided by 39?
16
Suppose x - 85 = -43. What is the remainder when 206 is divided by x?
38
Suppose -22*u - 442 = -2092. What is the remainder when u is divided by 40?
35
Let w(a) = -a**3 - 8*a**2 + 19. Let x(m) = 2*m**2 - 5*m + 10. What is the remainder when x(-6) is divided by w(-8)?
17
Suppose 0*x = 5*x. Let t = 27 + x. Let l = t - 15. Calculate the remainder when 22 is divided by l.
10
Suppose 5*z + 15 = 0, -5*z = 6*w - 3*w. Calculate the remainder when 26 is divided by 18/45 - (1 - 48/w).
8
Suppose 3*w - 4 = -4*z, -5*w - 2*z - z = -14. Suppose w*g - 351 = 25. Calculate the remainder when g is divided by 25.
19
Let q be (-20)/(-110) + (-2)/11. Suppose -40 = -q*b - 5*b. What is the remainder when 47 is divided by b?
7
Suppose 133*h = 139*h - 84. Let t = -76 + 117. Calculate the remainder when t is divided by h.
13
Suppose -3073 = 473*o - 480*o. Calculate the remainder when o is divided by 26.
23
Calculate the remainder when 125 is divided by (16/(-10))/((-38)/2375).
25
Let t(q) = -q**2 + 8*q + 2. Let r be t(7). Let a(l) = 7 - 13*l**2 + r*l**2 + 3*l**2 - 8*l. What is the remainder when a(-8) is divided by 2?
1
Let t(u) = u**2 + 14*u - 65. What is the remainder when t(-19) is divided by 18?
12
Let y(b) = 3*b**2 - 11*b + 24. What is the remainder when y(11) is divided by 45?
41
Let s(q) = -q**2 + q + 2. Let i be s(0). Suppose n - 16 = -c, i*n = 3*c - 77 + 4. Suppose c*f + 548 = 25*f. What is the remainder when f is divided by 35?
32
Let x(g) = -g**3 + 2*g**2 + g. Let k(h) = h**2 - 22*h + 167. What is the remainder when k(18) is divided by x(-2)?
11
Let x be 6/198*93 - (-4)/22. Calculate the remainder when (3 - -5)*(x/2 + 0) is divided by 2.
0
Let b(k) = -2*k**2 + 2*k - 16. Let o(z) = -z. Let m(j) = -b(j) + 6*o(j). What is the remainder when 38 is divided by m(3)?
8
Let y = -20 - -8. Let i = 20 + y. Suppose -v = p - 16, -2*v + 2*p = -3*v + 18. What is the remainder when v is divided by i?
6
Let j = 1007 - 865. Calculate the remainder when j is divided by 18.
16
Calculate the remainder when -38*(-8)/12*3 is divided by 11.
10
Let x(t) = -t**2 - t + 13. Let r be 2/(-7) - (-187)/(-7). Let z = r - -27. What is the remainder when 38 is divided by x(z)?
12
Suppose -2920 = -10*g - 0*g. Calculate the remainder when g is divided by 49.
47
Suppose 0 = 165*o - 169*o + 296. Calculate the